der when 200 is divided by 7.
4
Calculate the remainder when 206 is divided by 53.
47
Calculate the remainder when 1243 is divided by 498.
247
What is the remainder when 27 is divided by 11?
5
What is the remainder when 1982 is divided by 124?
122
Calculate the remainder when 179 is divided by 16.
3
Calculate the remainder when 281 is divided by 128.
25
What is the remainder when 1212 is divided by 135?
132
What is the remainder when 29 is divided by 20?
9
What is the remainder when 380 is divided by 375?
5
What is the remainder when 71 is divided by 49?
22
Calculate the remainder when 893 is divided by 149.
148
Calculate the remainder when 57 is divided by 1.
0
What is the remainder when 717 is divided by 24?
21
What is the remainder when 1274 is divided by 61?
54
What is the remainder when 143 is divided by 20?
3
Calculate the remainder when 491 is divided by 115.
31
What is the remainder when 292 is divided by 5?
2
Calculate the remainder when 218 is divided by 91.
36
What is the remainder when 1012 is divided by 101?
2
Calculate the remainder when 296 is divided by 92.
20
Calculate the remainder when 1526 is divided by 1497.
29
What is the remainder when 340 is divided by 86?
82
What is the remainder when 56 is divided by 26?
4
What is the remainder when 990 is divided by 83?
77
What is the remainder when 1302 is divided by 29?
26
What is the remainder when 117 is divided by 15?
12
Calculate the remainder when 1057 is divided by 26.
17
Calculate the remainder when 481 is divided by 54.
49
What is the remainder when 1192 is divided by 36?
4
What is the remainder when 78 is divided by 27?
24
Calculate the remainder when 18 is divided by 4.
2
Calculate the remainder when 1163 is divided by 233.
231
What is the remainder when 400 is divided by 373?
27
Calculate the remainder when 4994 is divided by 27.
26
What is the remainder when 512 is divided by 266?
246
Calculate the remainder when 59 is divided by 34.
25
Calculate the remainder when 854 is divided by 427.
0
Calculate the remainder when 700 is divided by 24.
4
Calculate the remainder when 96 is divided by 9.
6
Calculate the remainder when 103 is divided by 33.
4
What is the remainder when 36 is divided by 15?
6
Calculate the remainder when 17664 is divided by 151.
148
What is the remainder when 458 is divided by 17?
16
Calculate the remainder when 662 is divided by 206.
44
Calculate the remainder when 491 is divided by 174.
143
Calculate the remainder when 140 is divided by 49.
42
Calculate the remainder when 783 is divided by 293.
197
What is the remainder when 846 is divided by 819?
27
Calculate the remainder when 61 is divided by 16.
13
What is the remainder when 135 is divided by 34?
33
Calculate the remainder when 345 is divided by 96.
57
Calculate the remainder when 2618 is divided by 856.
50
Calculate the remainder when 135 is divided by 33.
3
What is the remainder when 39 is divided by 15?
9
What is the remainder when 85 is divided by 15?
10
Calculate the remainder when 86 is divided by 7.
2
Calculate the remainder when 385 is divided by 55.
0
Calculate the remainder when 957 is divided by 334.
289
Calculate the remainder when 1655 is divided by 34.
23
Calculate the remainder when 3141 is divided by 52.
21
Calculate the remainder when 151 is divided by 52.
47
Calculate the remainder when 35 is divided by 20.
15
Calculate the remainder when 521 is divided by 99.
26
Calculate the remainder when 648 is divided by 165.
153
Calculate the remainder when 154 is divided by 12.
10
Calculate the remainder when 465 is divided by 227.
11
What is the remainder when 131 is divided by 15?
11
Calculate the remainder when 376 is divided by 374.
2
Calculate the remainder when 1690 is divided by 561.
7
What is the remainder when 677 is divided by 99?
83
What is the remainder when 1029 is divided by 38?
3
Calculate the remainder when 494 is divided by 171.
152
What is the remainder when 194 is divided by 15?
14
What is the remainder when 566 is divided by 194?
178
What is the remainder when 710 is divided by 8?
6
Calculate the remainder when 4057 is divided by 123.
121
Calculate the remainder when 7210 is divided by 15.
10
What is the remainder when 170 is divided by 19?
18
What is the remainder when 4549 is divided by 18?
13
What is the remainder when 71 is divided by 38?
33
Calculate the remainder when 215 is divided by 38.
25
Calculate the remainder when 1727 is divided by 9.
8
What is the remainder when 4917 is divided by 41?
38
Calculate the remainder when 1002 is divided by 28.
22
Calculate the remainder when 70 is divided by 11.
4
What is the remainder when 13 is divided by 6?
1
Calculate the remainder when 224 is divided by 33.
26
Calculate the remainder when 70 is divided by 28.
14
What is the remainder when 554 is divided by 111?
110
Calculate the remainder when 253 is divided by 16.
13
Calculate the remainder when 1037 is divided by 55.
47
Calculate the remainder when 124 is divided by 40.
4
Calculate the remainder when 4522 is divided by 451.
12
Calculate the remainder when 138 is divided by 7.
5
Calculate the remainder when 759 is divided by 94.
7
Calculate the remainder when 172 is divided by 64.
44
Calculate the remainder when 399 is divided by 25.
24
What is the remainder when 2319 is divided by 211?
209
What is the remainder when 2157 is divided by 15?
12
What is the remainder when 178 is divided by 56?
10
Calculate the remainder when 875 is divided by 99.
83
Calculate the remainder when 66 is divided by 56.
10
What is the remainder when 417 is divided by 38?
37
Calculate the remainder when 1105 is divided by 14.
13
What is the remainder when 445 is divided by 75?
70
What is the remainder when 608 is divided by 156?
140
Calculate the remainder when 682 is divided by 67.
12
Calculate the remainder when 5301 is divided by 61.
55
Calculate the remainder when 9824 is divided by 63.
59
Calculate the remainder when 459 is divided by 23.
22
Calculate the remainder when 49 is divided by 13.
10
Calculate the remainder when 491 is divided by 143.
62
Calculate the remainder when 725 is divided by 15.
5
Calculate the remainder when 565 is divided by 71.
68
What is the remainder when 449 is divided by 30?
29
What is the remainder when 88 is divided by 37?
14
What is the remainder when 957 is divided by 10?
7
Calculate the remainder when 2032 is divided by 504.
16
What is the remainder when 10057 is divided by 107?
106
Calculate the remainder when 5173 is divided by 144.
133
What is the remainder when 165 is divided by 39?
9
Calculate the remainder when 1851 is divided by 31.
22
Calculate the remainder when 149 is divided by 10.
9
Calculate the remainder when 189 is divided by 33.
24
What is the remainder when 5060 is divided by 1263?
8
What is the remainder when 38 is divided by 14?
10
What is the remainder when 1496 is divided by 125?
121
Calculate the remainder when 61 is divided by 21.
19
What is the remainder when 519 is divided by 52?
51
Calculate the remainder when 3778 is divided by 45.
43
What is the remainder when 243 is divided by 32?
19
What is the remainder when 2233 is divided by 222?
13
What is the remainder when 1391 is divided by 34?
31
What is the remainder when 246 is divided by 133?
113
What is the remainder when 249 is divided by 14?
11
Calculate the remainder when 6105 is divided by 32.
25
What is the remainder when 937 is divided by 927?
10
What is the remainder when 1077 is divided by 289?
210
What is the remainder when 296 is divided by 70?
16
What is the remainder when 1085 is divided by 15?
5
What is the remainder when 152 is divided by 17?
16
What is the remainder when 38185 is divided by 9?
7
What is the remainder when 141 is divided by 52?
37
What is the remainder when 13518 is divided by 21?
15
Calculate the remainder when 634 is divided by 7.
4
What is the remainder when 896 is divided by 429?
38
What is the remainder when 1456 is divided by 94?
46
Calculate the remainder when 3297 is divided by 110.
107
Calculate the remainder when 584 is divided by 118.
112
What is the remainder when 176 is divided by 3?
2
Calculate the remainder when 145 is divided by 40.
25
Calculate the remainder when 9 is divided by 5.
4
Calculate the remainder when 459 is divided by 42.
